{"id":1326,"date":"2021-08-31T10:55:14","date_gmt":"2021-08-31T10:55:14","guid":{"rendered":"http:\/\/www.timinggates.net\/?page_id=1326"},"modified":"2021-08-31T11:00:39","modified_gmt":"2021-08-31T11:00:39","slug":"vracilo-blaga","status":"publish","type":"page","link":"http:\/\/www.timinggates.net\/index.php\/vracilo-blaga\/","title":{"rendered":"Vra\u010dilo blaga"},"content":{"rendered":"\n<div class=\"row row-full-width\"  id=\"row-61032971\">\n\n\n\t<div class=\"col medium-2 small-12 large-2\"  >\n\t\t<div class=\"col-inner\"  >\n\t\t\t\n\t\t\t\n\n\n\t\t<\/div>\n\t<\/div>\n\n\t\n\n\t<div class=\"col medium-8 small-12 large-8\"  >\n\t\t<div class=\"col-inner\"  >\n\t\t\t\n\t\t\t\n\n\t<div id=\"gap-1777374530\" class=\"gap-element clearfix\" style=\"display:block; height:auto;\">\n\t\t\n<style scope=\"scope\">\n\n#gap-1777374530 {\n  padding-top: 50px;\n}\n<\/style>\n\t<\/div>\n\t\n\n<div class=\"container section-title-container\" ><h1 class=\"section-title section-title-center\"><b><\/b><span class=\"section-title-main\" style=\"font-size:120%;\">Vra\u010dilo blaga<\/span><b><\/b><\/h1><\/div>\n\n<div style=\"padding-left: 20px;\">\n<p>Potro\u0161nik ima pravico, da v 30 dneh od prevzema blaga podjetju sporo\u010di (na kontaktni e-naslov\u00a0<a href=\"mailto:info@golfoprema.si\">info@golfoprema.si<\/a>), da odstopa od pogodbe, ne da bi mu bilo treba navesti razlog za svojo odlo\u010ditev. Stro\u0161ek, ki bremeni potro\u0161nika v zvezi z odstopom od pogodbe, je stro\u0161ek vra\u010dila blaga; blago je potrebno vrniti prodajalcu najkasneje v roku 30 dni od oddanega sporo\u010dila o odstopu od pogodbe (nakupa). Blago mora biti vrnjeno nepo\u0161kodovano in v nespremenjeni koli\u010dini. Vra\u010dilo pla\u010dil bo izvedeno takoj, ko je to mogo\u010de, najkasneje pa v roku 30 dni po prejemu sporo\u010dila o odstopu od pogodbe.<br \/>\u00a0<\/p>\n<div class=\"article_glavni_naslov\"><strong>Napotki za vra\u010dilo blaga<\/strong><\/div>\n<p>Pri spletnem nakupu si artiklov pred nakupom ni mo\u017eno fizi\u010dno ogledati, zato ti omogo\u010damo (znotraj zakonskih okvirov) mo\u017enost vra\u010dila blaga &#8211; odstop od pogodbe.<\/p>\n<p>Ker \u017eelimo, da to lahko opravi\u0161 kar \u010dim hitreje in brez zapletov, smo pripravili kratek seznam, na kaj je treba biti pozoren pri nakupu na daljavo:<br \/>\u00a0<br \/>\u00b7\u00a0\u00a0\u00a0\u00a0\u00a0\u00a0\u00a0\u00a0\u00a0previdno odpri embala\u017eo in jo obdr\u017ei v nespremenjenem stanju , dokler nisi v celoti prepri\u010dan, da je artikel ustrezen,<br \/>\u00b7\u00a0\u00a0\u00a0\u00a0\u00a0\u00a0\u00a0\u00a0\u00a0pri nakupu obla\u010dil, perila in kopalk ustrezno velikost preveri s pomerjanjem \u010dez druga obla\u010dila (ne na golo ko\u017eo),<br \/>\u00b7\u00a0\u00a0\u00a0\u00a0\u00a0\u00a0\u00a0\u00a0\u00a0\u010de artikel vrne\u0161 osebno na enem izmed prevzemnih mest, daj artikel na vpogled referentu,<br \/>\u00b7\u00a0\u00a0\u00a0\u00a0\u00a0\u00a0\u00a0\u00a0\u00a0nepazljivo odstranjevanje za\u0161\u010ditnih folij in materialov lahko povzro\u010di po\u0161kodbe na izdelku (temne lakirane povr\u0161ine),<br \/>\u00b7\u00a0\u00a0\u00a0\u00a0\u00a0\u00a0\u00a0\u00a0\u00a0vidne sledi uporabe (prah, dlake, praske, made\u017ei, umazanija) niso primerne za vra\u010dilo, ker so higiensko opore\u010dne<\/p>\n<p><br \/>Artikli, kupljeni na daljavo, niso namenjeni uporabi v zakonskem \u010dasu za odstop od pogodbe.<br \/>Mo\u017enost odstopa od pogodbe je namenjena temu, da artikel lahko odpre\u0161, pregleda\u0161 in \u010de ti ne ustreza, ali pa so bila tvoja pri\u010dakovanja napa\u010dna, odstopi\u0161 od nakupa. Ta priporo\u010dila ne veljajo, \u010de je artikel ob nakupu v okvari oziroma ne deluje -&gt; v tem primeru nakup reklamira\u0161.\u00a0<br \/>\u00a0<\/p>\n<div class=\"article_glavni_naslov\"><strong>Vra\u010dilo po\u0161kodovanih po\u0161iljk<\/strong><\/div>\n<p>\u010ce si ob prevzemu po\u0161iljke opazil, da je artikel ali paket fizi\u010dno po\u0161kodovan, v njem manjka vsebina ali ka\u017ee znake odprtja, mora\u0161 spro\u017eiti postopek reklamacije na naslov\u00a0<a href=\"mailto:info@golfoprema.si\">info@golfoprema.si<\/a>\u00a0\u00a0Skupaj bomo poskusili re\u0161iti nastalo te\u017eavo.<br \/>\u00a0<\/p>\n<div class=\"article_glavni_naslov\"><strong>Garancija<\/strong><\/div>\n<p>Proizvajalec je v skladu z zakonom dol\u017ean kupcu zagotoviti garancijo za brezhibno delovanje kupljenega blaga. Garancijo lahko kupec uveljavlja neposredno pri proizvajalcu ali njegovem poobla\u0161\u010denem servisu. Garancijo lahko kupec uveljavlja z garancijskim listom in ra\u010dunom prodajalca.<\/p>\n<p>Proizvajalec je dol\u017ean garancijsko popravilo opraviti v 45 dneh od prejema blaga, v nasprotnem primeru pa artikel zamenjati z drugim, enakovrednim in brezhibnim artiklom.<\/p>\n<p>Kupec lahko garancijo uveljavlja tudi pri prodajalcu, vendar tudi v tem primeru velja dolo\u010dilo iz prej\u0161njega odstavka.<\/p>\n<p>Vra\u010dilo blaga v garancijo se opravi v skladu s pogoji, ki jih proizvajalec navede na garancijskem listu, kupec z vra\u010dilom nima stro\u0161kov.<br \/>\u010ce \u017eeli\u0161\u00a0<strong>po\u0161iljko vrniti na na\u0161e stro\u0161ke<\/strong>, to stori\u0161 tako, da se\u00a0<strong>o tem dogovori\u0161<\/strong>\u00a0z na\u0161imi\u00a0<strong>sodelavkami in sodelavci<\/strong>\u00a0na\u00a0<a href=\"mailto:info@golfoprema.si\">info@golfoprema.si<\/a>. V skladu s tem dogovorom bomo na tvoj naslov poslali\u00a0po\u0161tarja, ki bo prevzel po\u0161iljko.<\/p>\n<\/div>\n\n\t\t<\/div>\n\t<\/div>\n\n\t\n\n\t<div class=\"col medium-2 small-12 large-2\"  >\n\t\t<div class=\"col-inner\"  >\n\t\t\t\n\t\t\t\n\n\n\t\t<\/div>\n\t<\/div>\n\n\t\n\n\n<style scope=\"scope\">\n\n<\/style>\n<\/div>\n\n","protected":false},"excerpt":{"rendered":"","protected":false},"author":2,"featured_media":0,"parent":0,"menu_order":0,"comment_status":"closed","ping_status":"closed","template":"page-blank.php","meta":{"footnotes":""},"class_list":["post-1326","page","type-page","status-publish","hentry"],"_links":{"self":[{"href":"http:\/\/www.timinggates.net\/index.php\/wp-json\/wp\/v2\/pages\/1326","targetHints":{"allow":["GET"]}}],"collection":[{"href":"http:\/\/www.timinggates.net\/index.php\/wp-json\/wp\/v2\/pages"}],"about":[{"href":"http:\/\/www.timinggates.net\/index.php\/wp-json\/wp\/v2\/types\/page"}],"author":[{"embeddable":true,"href":"http:\/\/www.timinggates.net\/index.php\/wp-json\/wp\/v2\/users\/2"}],"replies":[{"embeddable":true,"href":"http:\/\/www.timinggates.net\/index.php\/wp-json\/wp\/v2\/comments?post=1326"}],"version-history":[{"count":5,"href":"http:\/\/www.timinggates.net\/index.php\/wp-json\/wp\/v2\/pages\/1326\/revisions"}],"predecessor-version":[{"id":1332,"href":"http:\/\/www.timinggates.net\/index.php\/wp-json\/wp\/v2\/pages\/1326\/revisions\/1332"}],"wp:attachment":[{"href":"http:\/\/www.timinggates.net\/index.php\/wp-json\/wp\/v2\/media?parent=1326"}],"curies":[{"name":"wp","href":"https:\/\/api.w.org\/{rel}","templated":true}]}}