{"id":1333,"date":"2021-08-31T11:01:34","date_gmt":"2021-08-31T11:01:34","guid":{"rendered":"http:\/\/www.timinggates.net\/?page_id=1333"},"modified":"2021-08-31T11:27:42","modified_gmt":"2021-08-31T11:27:42","slug":"nacini-placila","status":"publish","type":"page","link":"http:\/\/www.timinggates.net\/index.php\/nacini-placila\/","title":{"rendered":"Na\u010dini pla\u010dila"},"content":{"rendered":"\n\t<section class=\"section hide-for-medium\" id=\"section_500676708\">\n\t\t<div class=\"bg section-bg fill bg-fill  bg-loaded\" >\n\n\t\t\t\n\t\t\t\n\t\t\t\n\n\t\t<\/div>\n\n\t\t<div class=\"section-content relative\">\n\t\t\t\n\n<div class=\"row row-collapse row-full-width align-middle\"  id=\"row-742921484\">\n\n\n\t<div class=\"col medium-12 small-12 large-12\"  >\n\t\t<div class=\"col-inner\"  >\n\t\t\t\n\t\t\t\n\n\n  <div class=\"banner has-hover\" id=\"banner-1921709337\">\n          <div class=\"banner-inner fill\">\n        <div class=\"banner-bg fill\" >\n            <div class=\"bg fill bg-fill \"><\/div>\n                        <div class=\"overlay\"><\/div>            \n                    <\/div>\n        <div class=\"banner-layers container\">\n            <div class=\"fill banner-link\"><\/div>            \n\n   <div id=\"text-box-785583915\" class=\"text-box banner-layer text-box-square x50 md-x50 lg-x50 y0 md-y0 lg-y0 res-text\">\n                                <div class=\"text dark\">\n              \n              <div class=\"text-inner text-center\">\n                  \n\n<h1 style=\"font-size: 40px; text-align: center;margin-top:-530px;text-align:left\">Na\u010dini pla\u010dila<\/h1>\n<hr style=\" height: 5px;background-color: white;border: none;\">\n<p style=\"text-align: left; padding-top:20px;font-size:18px\">Ponudnik omogo\u010da naslednje na\u010dine pla\u010dila:<br \/>\n<br \/>\n&#8211; z gotovino ob prevzemu (po\u0161iljko dostavi dostavna slu\u017eba ali Po\u0161ta Slovenije)<br \/>\n&#8211; z nakazilom na ra\u010dun upravitelja BoViAnPlus, Boris Dolin\u0161ek s.p. (po ponudbi \/ predra\u010dunu)<\/p>\n<p>Ponudnik kupcu izda ra\u010dun na trajnem in\/ali elektronskem mediju, z raz\u010dlenjenimi stro\u0161ki in navodili, kako odstopiti od nakupa in izdelke vrniti, \u010de je to potrebno in mogo\u010de. <\/p>\n<p>Kupoprodajna pogodba (naro\u010dilo) je v elektronski obliki shranjena na stre\u017eniku ponudnika.<\/p>\n\n              <\/div>\n           <\/div>\n                            \n<style scope=\"scope\">\n\n#text-box-785583915 .text {\n  background-color: rgba(0, 0, 0, 0);\n  font-size: 100%;\n}\n#text-box-785583915 .text-inner {\n  padding: 0px 30px 0px 30px;\n}\n#text-box-785583915 {\n  width: 69%;\n}\n<\/style>\n    <\/div>\n \n\n        <\/div>\n      <\/div>\n\n            \n<style scope=\"scope\">\n\n#banner-1921709337 {\n  padding-top: 75%;\n  background-color: rgb(255, 255, 255);\n}\n#banner-1921709337 .bg.bg-loaded {\n  background-image: url(http:\/\/www.timinggates.net\/wp-content\/uploads\/2021\/08\/sdsaras-1024x322.png);\n}\n#banner-1921709337 .overlay {\n  background-color: rgba(0, 0, 0, 0.62);\n}\n#banner-1921709337 .bg {\n  background-position: 0% 24%;\n}\n\n\n@media (min-width:550px) {\n\n  #banner-1921709337 {\n    padding-top: 554px;\n  }\n\n}\n<\/style>\n  <\/div>\n\n\n\n\t\t<\/div>\n\t<\/div>\n\n\t\n\n\n<style scope=\"scope\">\n\n<\/style>\n<\/div>\n\n\t\t<\/div>\n\n\t\t\n<style scope=\"scope\">\n\n#section_500676708 {\n  padding-top: 0px;\n  padding-bottom: 0px;\n}\n<\/style>\n\t<\/section>\n\t\n\t<section class=\"section show-for-medium\" id=\"section_1596325969\">\n\t\t<div class=\"bg section-bg fill bg-fill  bg-loaded\" >\n\n\t\t\t\n\t\t\t\n\t\t\t\n\n\t\t<\/div>\n\n\t\t<div class=\"section-content relative\">\n\t\t\t\n\n<div class=\"row row-collapse row-full-width align-middle\"  id=\"row-789825036\">\n\n\n\t<div class=\"col medium-12 small-12 large-12\"  >\n\t\t<div class=\"col-inner\"  >\n\t\t\t\n\t\t\t\n\n\n  <div class=\"banner has-hover\" id=\"banner-947065550\">\n          <div class=\"banner-inner fill\">\n        <div class=\"banner-bg fill\" >\n            <div class=\"bg fill bg-fill \"><\/div>\n                        <div class=\"overlay\"><\/div>            \n                    <\/div>\n        <div class=\"banner-layers container\">\n            <div class=\"fill banner-link\"><\/div>            \n\n   <div id=\"text-box-1343988195\" class=\"text-box banner-layer text-box-square x0 md-x50 lg-x50 y90 md-y0 lg-y0 res-text\">\n                                <div class=\"text dark\">\n              \n              <div class=\"text-inner text-center\">\n                  \n\n<h1 style=\"font-size: 40px; text-align: left;\">Na\u010dini pla\u010dila<\/h1>\n<hr style=\"height: 5px; background-color: white; border: none;\" \/>\n<p style=\"padding-top: 20px; font-size: 18px; text-align: left;\">Ponudnik omogo\u010da naslednje na\u010dine pla\u010dila:<br \/><br \/>&#8211; z gotovino ob prevzemu (po\u0161iljko dostavi dostavna slu\u017eba ali Po\u0161ta Slovenije)<br \/>&#8211; z nakazilom na ra\u010dun upravitelja BoViAnPlus, Boris Dolin\u0161ek s.p. (po ponudbi \/ predra\u010dunu)<\/p>\n<p style=\"font-size: 18px; text-align: left;\">Ponudnik kupcu izda ra\u010dun na trajnem in\/ali elektronskem mediju, z raz\u010dlenjenimi stro\u0161ki in navodili, kako odstopiti od nakupa in izdelke vrniti, \u010de je to potrebno in mogo\u010de.<\/p>\n<p style=\"font-size: 18px; text-align: left;\">Kupoprodajna pogodba (naro\u010dilo) je v elektronski obliki shranjena na stre\u017eniku ponudnika.<\/p>\n\n              <\/div>\n           <\/div>\n                            \n<style scope=\"scope\">\n\n#text-box-1343988195 .text {\n  background-color: rgba(0, 0, 0, 0);\n  font-size: 100%;\n}\n#text-box-1343988195 .text-inner {\n  padding: 0px 30px 0px 30px;\n}\n#text-box-1343988195 {\n  width: 100%;\n}\n\n\n@media (min-width:550px) {\n\n  #text-box-1343988195 {\n    width: 69%;\n  }\n\n}\n<\/style>\n    <\/div>\n \n\n        <\/div>\n      <\/div>\n\n            \n<style scope=\"scope\">\n\n#banner-947065550 {\n  padding-top: 130%;\n  background-color: rgb(255, 255, 255);\n}\n#banner-947065550 .bg.bg-loaded {\n  background-image: url(http:\/\/www.timinggates.net\/wp-content\/uploads\/2021\/08\/sdsaras-1024x322.png);\n}\n#banner-947065550 .overlay {\n  background-color: rgba(0, 0, 0, 0.62);\n}\n#banner-947065550 .bg {\n  background-position: 56% 34%;\n}\n\n\n@media (min-width:550px) {\n\n  #banner-947065550 {\n    padding-top: 554px;\n  }\n\n}\n<\/style>\n  <\/div>\n\n\n\n\t\t<\/div>\n\t<\/div>\n\n\t\n\n\n<style scope=\"scope\">\n\n<\/style>\n<\/div>\n\n\t\t<\/div>\n\n\t\t\n<style scope=\"scope\">\n\n#section_1596325969 {\n  padding-top: 0px;\n  padding-bottom: 0px;\n}\n<\/style>\n\t<\/section>\n\t\n\n","protected":false},"excerpt":{"rendered":"","protected":false},"author":2,"featured_media":0,"parent":0,"menu_order":0,"comment_status":"closed","ping_status":"closed","template":"page-blank.php","meta":{"footnotes":""},"class_list":["post-1333","page","type-page","status-publish","hentry"],"_links":{"self":[{"href":"http:\/\/www.timinggates.net\/index.php\/wp-json\/wp\/v2\/pages\/1333","targetHints":{"allow":["GET"]}}],"collection":[{"href":"http:\/\/www.timinggates.net\/index.php\/wp-json\/wp\/v2\/pages"}],"about":[{"href":"http:\/\/www.timinggates.net\/index.php\/wp-json\/wp\/v2\/types\/page"}],"author":[{"embeddable":true,"href":"http:\/\/www.timinggates.net\/index.php\/wp-json\/wp\/v2\/users\/2"}],"replies":[{"embeddable":true,"href":"http:\/\/www.timinggates.net\/index.php\/wp-json\/wp\/v2\/comments?post=1333"}],"version-history":[{"count":13,"href":"http:\/\/www.timinggates.net\/index.php\/wp-json\/wp\/v2\/pages\/1333\/revisions"}],"predecessor-version":[{"id":1370,"href":"http:\/\/www.timinggates.net\/index.php\/wp-json\/wp\/v2\/pages\/1333\/revisions\/1370"}],"wp:attachment":[{"href":"http:\/\/www.timinggates.net\/index.php\/wp-json\/wp\/v2\/media?parent=1333"}],"curies":[{"name":"wp","href":"https:\/\/api.w.org\/{rel}","templated":true}]}}